 4*c = -2*q - 13 - 9, 2*q = 4*c + 2. Let f = c - -3. List the prime factors of 10/3*(3 - f).
2, 5
Let g(h) = h**3 - 16*h**2 - 16*h + 20. What are the prime factors of g(17)?
37
Suppose 4*z + z = 90. What are the prime factors of z?
2, 3
Suppose 5*j - 1653 = -293. Suppose -j = -5*i - 52. What are the prime factors of i?
2, 11
Suppose -4*c = 2*q - 37 - 23, 3*c - 90 = -3*q. What are the prime factors of q?
2, 3, 5
Let v(c) = -9*c**2 + 2*c + 32*c**2 + 3 + 0 - 2. Let j be v(-1). List the prime factors of 260/j + (-2)/(-11).
2, 3
Let m be (-36)/(-6) - (-2)/(-1). Suppose m = -2*a + 38. List the prime factors of a.
17
Let t(h) = -h**3 - 7*h**2 - 7*h - 20. What are the prime factors of t(-7)?
29
Suppose 2*n + 4*l + 22 = 0, 2*n - 5*l - 2 = -6. Let b(d) = -5*d - 10. What are the prime factors of b(n)?
5
Let k(q) = -2*q + 28. List the prime factors of k(0).
2, 7
Let h be (-1)/(-3)*(3 + 3). Suppose 3*u + i = -25, -2*u + 4*i = i + h. What are the prime factors of 1/((1 + -2)/u)?
7
Let z(w) = -w**2 + 10*w - 3. Let x(n) = 1. Let a(j) = -3*x(j) + z(j). Suppose 4*b + 11 = 3*h + 37, 2*b + h - 18 = 0. What are the prime factors of a(b)?
2, 5
Suppose 5 = 3*x - 2*x. What are the prime factors of x?
5
Let p = -43 + 49. List the prime factors of p.
2, 3
Suppose -t = 0, -3*w - 2*t - 139 = 101. Let d = w - -54. Let q = d + 46. What are the prime factors of q?
2, 5
List the prime factors of 1/(-5) + (-558)/(-15).
37
Let b = -5 - -7. Suppose -y + 60 = 4*y + 4*i, 0 = -b*y + 2*i + 42. What are the prime factors of y?
2
Let s = -1 + 4. Suppose -5*r + s*r + 4*h + 88 = 0, -r + 4*h + 34 = 0. List the prime factors of (-2)/3*r/(-12).
3
Suppose 3*z - 22 = -4*a, 4*a - 12 = 3*a - 4*z. List the prime factors of a.
2
Let f(y) = -3 + y**3 + 4 - y + 3*y**2 - 3. Let z be f(-3). Suppose -k + 4 = z. List the prime factors of k.
3
Let u(x) = -x**3 + 5*x**2 - 5*x + 2. Let n(b) = -b - 4. Let v be n(-6). Let r = 5 - v. List the prime factors of u(r).
5
Suppose -3*s + 273 = 3*x, 0 = -3*x + 4*s + 153 + 127. List the prime factors of x.
2, 23
Let g = 39 + -24. List the prime factors of g.
3, 5
Let r(d) = d - 1. Suppose 1 = h - 3*l, -3*h - 2*l + 3*l - 21 = 0. Let i(y) = y**2 + 6*y - 11. Let j be i(h). List the prime factors of r(j).
2
Let g = -49 - -59. What are the prime factors of g?
2, 5
Let j(s) = s**3 - 5*s**2 + 2*s + 8. Let o be j(4). Suppose 4 = -4*m, o = 3*w - 3*m - 48 + 6. What are the prime factors of w?
13
Let c(n) = 7*n - 15. Suppose 0 = -r - 5 + 13. List the prime factors of c(r).
41
Let u(v) = 2*v**2 + 11*v - 3. List the prime factors of u(-8).
37
Suppose -3*q = -2*q - 42. List the prime factors of q.
2, 3, 7
Let z(k) = k**2 + 4*k - 8. Let q be z(-6). Suppose t - 2 = q. List the prime factors of t.
2, 3
Let k(y) = 83*y - 2. List the prime factors of k(1).
3
Let r(i) = -i**2 + 4*i + 6. Let s be r(6). Suppose 0 = -4*p + 16, -n + p - 2 = -17. Let x = n + s. List the prime factors of x.
13
Suppose -y - 2*m = -23, 4*y - 5*m = 31 + 35. Suppose 6*p - p - 107 = n, n = -p + y. List the prime factors of p.
3, 7
What are the prime factors of 7/(21/(-40))*-1*6?
2, 5
Suppose 0*v - 5*v = -450. Suppose 0*q + 5*q + 5*p = 200, -2*q = -3*p - v. Suppose -2 = 4*u - q. List the prime factors of u.
2, 5
Suppose 2*n - s + 12 = 0, -2*n = -4*n + 5*s - 28. Let k = n - -5. Suppose 3*g - 4*f + 6 = 0, -2*f = -g - k - 3. What are the prime factors of g?
2
Let n(w) = w**3 + 5*w**2 + 4*w + 11. Let f be n(-5). List the prime factors of ((-232)/12)/(3/f).
2, 29
Let g = -5 - -1. Let y be 6 + g - 1*-33. Suppose -4*w + 5 = -y. What are the prime factors of w?
2, 5
Let h(c) = -c**2 + c - 4. Let l be h(0). List the prime factors of -4*1/l*12.
2, 3
Let b(v) be the second derivative of 0 - 7/2*v**2 - 7/6*v**3 + 2*v - 1/12*v**4. What are the prime factors of b(-5)?
3
Let x(f) = -4*f - 5*f + 2*f + 3*f. Let u be x(-1). Suppose 3*a + u*j + 43 = 8*a, 0 = -a - 3*j + 1. List the prime factors of a.
7
Let c(l) be the first derivative of l**2/2 - 1. List the prime factors of c(5).
5
Let u = 37 + -25. Suppose -5*g - u = -4*m + 4, 0 = -2*g + 2*m - 8. List the prime factors of -1*(-2 + g - 5).
7
Suppose n + 56 = 5*n. What are the prime factors of n?
2, 7
Let m be (-2)/4 - 168/16. Let l = -5 - m. Let a = -3 + l. What are the prime factors of a?
3
Let t be 23/(-2) - 3/6. Let z = t - -40. Let h = z - 19. List the prime factors of h.
3
Let o = -24 - -46. Suppose 3*f = -5*k + 137, -f = 3*k - o - 57. List the prime factors of k.
5
Let p = 4 + 1. Let k = 7 - p. List the prime factors of k.
2
Suppose 2*d + 0*r - 48 = 4*r, -5*d = 3*r - 55. List the prime factors of d.
2, 7
Let o = 1 + 3. Suppose o*g = 78 + 42. Suppose 3*p + 0*p = g. List the prime factors of p.
2, 5
Let d(n) = 5*n - 3. Let h(i) = i + 4. Let b(v) = 3*v + 12. Let f(l) = 6*b(l) - 17*h(l). Let t be f(0). What are the prime factors of d(t)?
17
Suppose -3*o - 13 = -5*f, 0 = 8*f - 3*f - 4*o - 14. Let z(u) = -2*u**2 + u + 2. Let l be z(2). List the prime factors of f/l + 33/6.
5
Suppose -4*o + 99 + 209 = 0. What are the prime factors of o?
7, 11
Suppose 5*m = -x + 374, -4*m + 3*x = -0*m - 284. Suppose 11 + m = 5*o. List the prime factors of o.
17
Suppose -2*w = -n - 8, 16 = -n - 3*n + 4*w. Suppose n = t - 3*t + 30. Let h = 24 - t. List the prime factors of h.
3
Suppose -3 = -h + 11. Let d = -7 + 15. Let x = h - d. What are the prime factors of x?
2, 3
Let g(o) = -o**3 - 7*o**2 - 7*o - 1. Let c be g(-6). Let m(p) = p**2 - 3*p - 8. What are the prime factors of m(c)?
2
What are the prime factors of 1/(3/(-12))*(-21)/2?
2, 3, 7
Let m(q) = -q**3 + q**2 + 14*q - 2. List the prime factors of m(-4).
2, 11
Suppose 0 = y - 15 - 13. List the prime factors of y.
2, 7
Suppose -14*n - 270 = -19*n. What are the prime factors of n?
2, 3
Suppose -4*n + 13 = m, -m + 0*m + 7 = n. Let s = -4 + m. List the prime factors of s/(-1) + -1 + 11.
3
Let t = -4 + 7. Suppose 5*o + 2 + 2 = w, -5*o + 52 = t*w. Let x = w + -9. List the prime factors of x.
5
Suppose 0 = w - 5*w + 44. What are the prime factors of w?
11
Let l = -7 + 13. Suppose d = l*d. Suppose d = 3*s - 4*g - 11, 5*s - 48 = -2*g + 5. List the prime factors of s.
3
Suppose 182 = 3*z - z - 2*v, v - 5 = 0. List the prime factors of z.
2, 3
Let f(t) be the second derivative of -t**5/20 + t**4/3 - t**3/6 - t**2/2 + 3*t. Let o = 3 - 0. What are the prime factors of f(o)?
5
Let f(i) = 5*i - 5. Let r be f(5). Suppose -20 = -5*v + v. Suppose -4*d = 5*h - 17, h - 3*h + v*d + r = 0. List the prime factors of h.
5
Suppose i + 2 = 9. What are the prime factors of ((i - -1) + -1)*1?
7
Suppose 2*l + 696 = 4*a, -3*a = 2*a - 3*l - 869. List the prime factors of a.
5, 7
Suppose -2*u + 6 = 0, -5*t + 2*u = 5*u - 34. Let c(l) = l**2 - 3*l - 1. List the prime factors of c(t).
3
Let y be ((-10)/(-4))/(2/20). Let c = 17 - y. Let s = c - -20. What are the prime factors of s?
2, 3
Suppose -4*w = -5*b + 336, -304 = -5*b + 4*w - 8*w. What are the prime factors of b?
2
Let m(d) = -d. Let o be m(-5). Suppose 10*x = o*x + 45. List the prime factors of x.
3
Let f(d) = 0*d**3 - d**3 + 6*d**2 - 9 - 4*d + 14*d. Let b be f(7). List the prime factors of 17/6 + 2/b.
3
Let w(t) = -t**2 + 9*t + 14. List the prime factors of w(10).
2
What are the prime factors of -14*-2*12/16?
3, 7
Suppose 7*v = 4*v - 9. Let m(n) = n**3 + 3*n**2 - n + 4. What are the prime factors of m(v)?
7
Let i = 6 - 3. Suppose 0 = -3*r + 9 + i. List the prime factors of r.
2
Let u = -31 + 37. List the prime factors of u.
2, 3
Suppose -6*k + 5 = -19. Let y(g) = g**2. Let c be y(-2). Suppose -k*b + 11 = u - 4, -15 = -c*u - b. What are the prime factors of u?
3
Suppose -r = -5 - 1. Let y be r/10*(14 - -1). What are the prime factors of 5*(1 + y/15)?
2
Let n(p) = -2*p - 4. Let r be n(-3). Suppose 0*l - 4 = -r*l. List the prime factors of l/(-4) - 26/(-4).
2, 3
Let s(q) = 4*q**3 + 3*q**2 + q - 3. What are the prime factors of s(3)?
3, 5
Suppose 0 = -0*l + l - 49. What are the prime factors of l?
7
Let b = 69 + -30. What are the prime factors of b?
3, 13
Let z = 16 - 1. List the prime factors of z.
3, 5
Let j(a) = a - 9. Let g(b) = b**2 + 5*b + 4. Let f be g(-6). Let k be j(f). What are the prime factors of (3 - 2) + 8 + k?
2, 5
Suppose -4 = -2*u - 4*q + 6, -5*u + 16 = q. Suppose -5*p - 42 = -v, -5*v = u*p + p - 123. Wh